{"id":1168,"date":"2016-10-26T19:06:14","date_gmt":"2016-10-26T19:06:14","guid":{"rendered":"http:\/\/pluriseg.com\/index.php\/programa-de-seguros-8\/incendio-yo-rayo\/"},"modified":"2016-10-26T19:06:26","modified_gmt":"2016-10-26T19:06:26","slug":"incendio-yo-rayo","status":"publish","type":"page","link":"http:\/\/pluriseg.com\/index.php\/programa-de-seguros-8\/incendio-yo-rayo\/","title":{"rendered":"Incendio y\/o Rayo"},"content":{"rendered":"<p class=\"MsoNormal\" style=\"margin-top: 15.6pt; margin-right: 0cm; margin-left: 0cm; margin-bottom: 0.0001pt; line-height: 16.5pt; vertical-align: top;\">\nAmpara los riesgos de Incendio y\/o rayo, terremoto, temblor, erupci\u00f3n volc\u00e1nica, da\u00f1os por lluvia, da\u00f1os maliciosos y dem\u00e1s riesgos propios de la cobertura de este ramo, orientada a proteger tu vivienda, edificio, negocio, empresa.<br \/>\n<b><span lang=\"ES\" style=\"font-size: 12pt; font-family: Arial, sans-serif; color: rgb(71, 71, 71);\"><\/span><\/b><\/p>\n<p style=\"text-align: center;\">\n<table class=\"art-article\" style=\"width: 40%; margin-right: auto; margin-left: auto; \">\n<tbody>\n<tr>\n<td style=\"width: 100%; text-align: center; \"><\/td>\n<\/tr>\n<\/tbody>\n<\/table>\n","protected":false},"excerpt":{"rendered":"<p>Ampara los riesgos de Incendio y\/o rayo, terremoto, temblor, erupci\u00f3n volc\u00e1nica, da\u00f1os por lluvia, da\u00f1os maliciosos y dem\u00e1s riesgos propios de la cobertura de este ramo, orientada a proteger tu vivienda, edificio, negocio, empresa.<\/p>\n","protected":false},"author":2,"featured_media":0,"parent":1161,"menu_order":22,"comment_status":"closed","ping_status":"closed","template":"","meta":{"om_disable_all_campaigns":false,"footnotes":""},"class_list":["post-1168","page","type-page","status-publish","hentry"],"jetpack_sharing_enabled":true,"_links":{"self":[{"href":"http:\/\/pluriseg.com\/index.php\/wp-json\/wp\/v2\/pages\/1168","targetHints":{"allow":["GET"]}}],"collection":[{"href":"http:\/\/pluriseg.com\/index.php\/wp-json\/wp\/v2\/pages"}],"about":[{"href":"http:\/\/pluriseg.com\/index.php\/wp-json\/wp\/v2\/types\/page"}],"author":[{"embeddable":true,"href":"http:\/\/pluriseg.com\/index.php\/wp-json\/wp\/v2\/users\/2"}],"replies":[{"embeddable":true,"href":"http:\/\/pluriseg.com\/index.php\/wp-json\/wp\/v2\/comments?post=1168"}],"version-history":[{"count":1,"href":"http:\/\/pluriseg.com\/index.php\/wp-json\/wp\/v2\/pages\/1168\/revisions"}],"predecessor-version":[{"id":1232,"href":"http:\/\/pluriseg.com\/index.php\/wp-json\/wp\/v2\/pages\/1168\/revisions\/1232"}],"up":[{"embeddable":true,"href":"http:\/\/pluriseg.com\/index.php\/wp-json\/wp\/v2\/pages\/1161"}],"wp:attachment":[{"href":"http:\/\/pluriseg.com\/index.php\/wp-json\/wp\/v2\/media?parent=1168"}],"curies":[{"name":"wp","href":"https:\/\/api.w.org\/{rel}","templated":true}]}}